q + q. What are the prime factors of q?
7
Let y(x) = 2*x**2 + 11*x + 27. Let j be y(-12). Let b = j - 104. List the prime factors of b.
79
List the prime factors of (3/(-3))/((-5)/9740*4).
487
Let b(r) = r**3 - 5*r**2 + 5*r + 4. Let l(o) be the second derivative of o**4/3 + o**3/3 + o**2 + 6*o. Let j be l(-1). List the prime factors of b(j).
2
Let h = -8 - -10. Suppose 4*f = -9*p + 4*p + 262, -212 = -4*p - h*f. List the prime factors of ((-24)/9)/((-6)/p).
2, 3
Let u = -8 + 13. Suppose -u*f = -d + 14, 3*d - 5*f - 61 = 11. Let s = d + 4. What are the prime factors of s?
3, 11
Let j = -4 - -9. List the prime factors of -5 + -94*j/(-2).
2, 5, 23
Suppose 68*j = 58*j + 3030. List the prime factors of j.
3, 101
Let y be 3 - ((-2 - -4) + -1). Let q(k) = 2*k**2 + 3*k**y + 6*k**2 + 14 - k**3 + 13*k. List the prime factors of q(12).
2, 13
Let k be (1 - -8)/(0 + 1). Suppose 0 = 3*u - 5*i + 1460, k = -3*i - 6. List the prime factors of (2/6)/((-5)/u).
3, 11
Let r(u) = u**3 - 25*u**2 + 46*u + 6. List the prime factors of r(23).
2, 3
Let w(j) = -j**2 - j - 4. Let h be w(-11). Let f = 155 + h. What are the prime factors of f?
41
Suppose 2*j + 2*j - 492 = 0. Suppose -u - 291 = -4*m, m + m - 5*u - j = 0. Suppose -98 = -3*h - 2*l + 8, -2*l + m = 2*h. List the prime factors of h.
2
Let m(t) = 5*t**3 - 3*t**2 + 1. Let b(g) = -g**3 - 6*g**2 + 5*g + 5. Let n be b(-7). Let a = -17 + n. List the prime factors of m(a).
29
List the prime factors of (-95)/2*(10 + -8)*-1.
5, 19
Let g(p) = 3*p**2 + 3*p + 2. Let s be g(-1). List the prime factors of s - (-5 - -4) - (-76)/1.
79
Let f(j) = 5*j**2 + 3*j. Suppose 2*u + 5 = 17. What are the prime factors of f(u)?
2, 3, 11
Suppose -575 = -2*s + 565. List the prime factors of s.
2, 3, 5, 19
Suppose -2*x - x = -6. Suppose s - 14 = 2*n - 3*n, -x*n = 3*s - 37. Let w = 25 - s. What are the prime factors of w?
2
Let f = 66 + -1. List the prime factors of f.
5, 13
Let g = -8 + -39. Let d = -33 - g. What are the prime factors of d?
2, 7
Suppose 0 = 3*l - 69 - 567. Suppose 433 + l = 5*o. List the prime factors of o.
3, 43
Let m = -35 - -94. Suppose 0 = -5*t + 6*t - 4*d - m, 145 = 3*t - 4*d. List the prime factors of t.
43
Suppose 24 = -0*b + 6*b. Let n be 2 + 1 + 0/b. Suppose n*k + 0*k = g + 96, -g = 0. What are the prime factors of k?
2
Let u be (-35)/6 + 2/(-12). Let q = u - -10. Suppose -h - 5 = -4*a, -4*h - 2 + q = -5*a. What are the prime factors of h?
3
Suppose -3*d - 18 = -9*d. Suppose -t = t + d*q - 164, -3*t - 2*q + 246 = 0. Suppose -5*a - t = -4*g, -1 = -2*g - 4*a + 53. List the prime factors of g.
23
Suppose 3*c - 137 = 238. Suppose -c = -2*w - i - 28, -2*i - 10 = 0. List the prime factors of w.
3, 17
Let g(j) = 5*j**3 - 98*j**2 - 27*j - 1. What are the prime factors of g(22)?
13, 401
Suppose -3*x + 4*q - 72 = 0, 3*x - q + 0*q + 63 = 0. Let g = 14 + x. Let s(r) = -r**3 - 3*r**2 + 7*r + 7. What are the prime factors of s(g)?
73
Let r be (8/1)/(-2 + 4). Suppose 0 = -4*w - 3*l + 24, -w + r*l - 5 + 11 = 0. Suppose 2*q = q + w. What are the prime factors of q?
2, 3
Suppose 5*v - 2*g + 24 = v, -g - 8 = 2*v. Let k = -1 - v. Suppose 0 = 2*l + 2 - 4, k*s = -2*l + 18. List the prime factors of s.
2
Let f(h) = h**2 - 12*h - 8. Let l be f(8). Let g = l - -103. What are the prime factors of g?
3, 7
Let t = 10 + -10. Suppose 29 = -t*a + a. Let o = a - -9. List the prime factors of o.
2, 19
Let f(u) = u**3 + 4*u - 7. Let m be f(2). Suppose -m*p + 2415 = 6*p. What are the prime factors of p?
7, 23
Let s(o) = o**3 - 5*o**2 + 5*o + 1. Let x be s(4). Suppose 180 = 5*i + d, 3 = -2*i - x*d + 98. Let p = 3 + i. List the prime factors of p.
2, 19
Let o(c) = -c - 1. Let j be o(-7). Suppose 2*r + j*u + 44 = 2*u, 4*r + 4*u = -68. Let t(y) = -y**2 - 15*y - 9. What are the prime factors of t(r)?
3
List the prime factors of -3056*(26/260 - 3/5).
2, 191
Let s = 1182 - 442. What are the prime factors of s?
2, 5, 37
Let k = 350 - 68. What are the prime factors of k?
2, 3, 47
Suppose 0 = -92*u + 100*u - 2656. What are the prime factors of u?
2, 83
Let u(j) = 72*j - 1. Let f be u(2). Suppose 4*g - 98 = -5*b, 5*g - 2*b - f = 2*b. What are the prime factors of g?
3
Let r(x) = -x**3 + 7*x**2 + 2*x + 8. Let v be r(7). Suppose 4*c + 36 = 4*t, -2*c + v = -t + 3*t. What are the prime factors of t?
2, 5
Suppose -10*o = -o - 36. Suppose 7*c - o*c = -h - 134, -3*h - 5*c - 386 = 0. Let g = 189 + h. What are the prime factors of g?
67
Suppose -3*d = 20 - 32. List the prime factors of (-6)/d*147/9*-2.
7
Suppose 5*h + 15 = 0, 3*b - 5*h = -3*h - 51. Let n = b - -21. Let y(l) = 8*l**3 - 2*l**2 - 1. List the prime factors of y(n).
5, 11
Let q(r) = 186*r + 33. What are the prime factors of q(11)?
3, 7, 11
Suppose -60*p - 16 = -68*p. Suppose -51 = -p*t + 371. What are the prime factors of t?
211
Let u(x) = -89*x + 4. List the prime factors of u(-3).
271
Suppose -4*l - 442 = 2758. List the prime factors of l/30*3/(-2).
2, 5
Let j = 179 + -92. Let o(a) = -a. Let v be o(-3). Suppose 0*m + j = v*m. What are the prime factors of m?
29
Let f = -94 - -103. Suppose -f*c - 678 = -2973. What are the prime factors of c?
3, 5, 17
Suppose 3*t - 1194 = -3*r + t, 4*r - 1609 = 3*t. List the prime factors of r.
2, 5
Suppose -2*m - m = -1665. Suppose -5*c - 95 = -m. List the prime factors of c.
2, 23
Let p(d) = -d**2 - d - 9. Let o(v) = 2*v**2 + v + 8. Let n(i) = -2*o(i) - 3*p(i). Let a be n(-4). List the prime factors of (-447)/a + (-3)/(-9).
2, 5
Suppose 0 = -3*s - 2*p + 762, -p = 2*s + s - 762. List the prime factors of s.
2, 127
Let m(s) = -2*s**3 - 5*s**2 - 4. Let d be m(-3). Suppose -5*i - 186 = 4*y - 506, -2*y + 170 = d*i. What are the prime factors of y?
3, 5
Let r(h) = -7*h**2 - 19*h - 7. Let f(g) = -3*g**2 - 9*g - 4. Let p(o) = -9*f(o) + 4*r(o). Let n be p(7). Let t(k) = -5*k. What are the prime factors of t(n)?
2, 3, 5
Let v = 132 + -330. Let t = 291 + v. List the prime factors of t.
3, 31
Let r(f) = -f**3 - f**2 + 2*f - 3. Suppose 1 - 13 = p - 4*v, -5*p + 5*v - 30 = 0. Let h be r(p). Let j = h + -23. What are the prime factors of j?
2, 7
Let d(r) = 52*r**2 - 10*r + 20. List the prime factors of d(5).
2, 5, 127
Suppose 29*y = 26*y + 963. What are the prime factors of y?
3, 107
Let x(v) = -v**2 - 9*v - 12. Let t be x(-8). Let c = 10 - t. What are the prime factors of 106/c + (-9)/(-21)?
2
Let h(l) be the second derivative of -l**4/12 + 14*l**3/3 - 37*l**2/2 - 21*l. List the prime factors of h(22).
5, 19
Let b = -74 + 74. Suppose b = 5*c - w - 279 - 13, -4*c + w = -234. List the prime factors of c.
2, 29
Let u = -2558 - -4903. What are the prime factors of u?
5, 7, 67
Let a be ((-3)/2)/(6/(-16)). Let h(c) = -c**2 + 2*c. Let m(o) = -o**2 + 2*o + 1. Let k(n) = -4*h(n) + 3*m(n). List the prime factors of k(a).
11
Let i = 24 - -217. Let s = 436 - i. Suppose j - s = -4*j. List the prime factors of j.
3, 13
Let h = -26 + 31. Suppose 0 = -h*p + 3*m + 1456, 0*p = p - 4*m - 298. Suppose 0 = -k - 4*y + 42 + 16, -p = -5*k + 5*y. What are the prime factors of k?
2, 29
Suppose 372 = -25*s + 27*s. List the prime factors of (7/21)/(((-4)/s)/(-2)).
31
List the prime factors of ((-6)/5)/((-6)/((-53190)/(-9))).
2, 3, 197
Suppose -3*x - 100 + 25 = 0. Let r(y) = -11*y - 67. What are the prime factors of r(x)?
2, 13
Suppose -1306*r = -1301*r - 10. Suppose 4*o + 4*v - 24 = 0, -5*v + v = o - 15. Suppose -o*q + 290 = r*q. List the prime factors of q.
2, 29
Let v = -51 - -18. Let s = 2 + v. List the prime factors of (5/5)/((-1)/s).
31
Let j(c) = -2*c**2 + 73*c - 40. What are the prime factors of j(31)?
7, 43
Suppose 5*h = 5*w + 245, -4*h - 361 = 5*w - 89. Let r = w - -77. List the prime factors of r.
5
Let p = 4727 + -2688. List the prime factors of p.
2039
Let c(t) = -t**3 + 3*t**2 + 11*t - 6. Let g be c(5). List the prime factors of 1330/20 - g/2.
67
Suppose -a - 1 = 4*y, 10*a + y + 43 = 5*a. Let u be a/5*40/(-12). Let g(z) = 3*z - 8. What are the prime factors of g(u)?
2, 5
Suppose r - 2968 = 3*d, 43*r - 3*d - 11836 = 39*r. List the prime factors of r.
2, 739
Let m = -1872 + 2339. List the prime factors of m.
467
Let f(x) be the first derivative of -x**4/4 + 13*x**3/3 + 4*x**2 + 9*x + 7. What are the prime factors of f(13)?
113
Suppose 3*a + 0*a = 12. What are the prime factors of 13/3 + a/6?
5
Let w(o) 